{"id":10,"date":"2025-10-01T09:57:11","date_gmt":"2025-10-01T09:57:11","guid":{"rendered":"https:\/\/konkurs.castellogt.pl\/?page_id=10"},"modified":"2025-10-01T10:00:30","modified_gmt":"2025-10-01T10:00:30","slug":"o-konkursie","status":"publish","type":"page","link":"https:\/\/konkurs.castellogt.pl\/index.php\/o-konkursie\/","title":{"rendered":"O konkursie"},"content":{"rendered":"\n<h6 class=\"wp-block-heading\">Celem Konkursu jest wy\u0142onienie wybitnie utalentowanych, m\u0142odych instrumentalist\u00f3w i wsparcie ich dalszego, artystycznego rozwoju.<\/h6>\n\n\n\n<p>Dowolno\u015b\u0107 w doborze programu, ograniczonego jedynie ramami czasowymi stwarza przestrze\u0144 do prezentacji ciekawego, zgodnego z osobowo\u015bci\u0105 wykonawcy repertuaru.<\/p>\n\n\n\n<p>Na podstawie nadsy\u0142anych do I etapu nagra\u0144 audio-video jury wy\u0142ania czterech finalist\u00f3w.<\/p>\n\n\n\n<p>Fina\u0142&nbsp; odbywa si\u0119 w kwietniu<strong>&nbsp;w Muzeum Karola Szymanowskiego w Willi Atma w Zakopanem.<\/strong><\/p>\n","protected":false},"excerpt":{"rendered":"<p>Celem Konkursu jest wy\u0142onienie wybitnie utalentowanych, m\u0142odych instrumentalist\u00f3w i wsparcie ich dalszego, artystycznego rozwoju. Dowolno\u015b\u0107 w doborze programu, ograniczonego jedynie ramami czasowymi stwarza przestrze\u0144 do prezentacji ciekawego, zgodnego z osobowo\u015bci\u0105 wykonawcy repertuaru. Na podstawie nadsy\u0142anych do I etapu nagra\u0144 audio-video jury wy\u0142ania czterech finalist\u00f3w. Fina\u0142&nbsp; odbywa si\u0119 w kwietniu&nbsp;w Muzeum Karola Szymanowskiego w Willi Atma<\/p>\n<div class=\"more-link\">\n\t\t\t\t <a href=\"https:\/\/konkurs.castellogt.pl\/index.php\/o-konkursie\/\" class=\"link-btn theme-btn\"><span>Czytaj wi\u0119cej <\/span> <i class=\"fa fa-caret-right\"><\/i><\/a>\n\t\t\t<\/div>\n","protected":false},"author":1,"featured_media":0,"parent":0,"menu_order":0,"comment_status":"closed","ping_status":"closed","template":"","meta":{"footnotes":""},"class_list":["post-10","page","type-page","status-publish","hentry"],"_links":{"self":[{"href":"https:\/\/konkurs.castellogt.pl\/index.php\/wp-json\/wp\/v2\/pages\/10","targetHints":{"allow":["GET"]}}],"collection":[{"href":"https:\/\/konkurs.castellogt.pl\/index.php\/wp-json\/wp\/v2\/pages"}],"about":[{"href":"https:\/\/konkurs.castellogt.pl\/index.php\/wp-json\/wp\/v2\/types\/page"}],"author":[{"embeddable":true,"href":"https:\/\/konkurs.castellogt.pl\/index.php\/wp-json\/wp\/v2\/users\/1"}],"replies":[{"embeddable":true,"href":"https:\/\/konkurs.castellogt.pl\/index.php\/wp-json\/wp\/v2\/comments?post=10"}],"version-history":[{"count":3,"href":"https:\/\/konkurs.castellogt.pl\/index.php\/wp-json\/wp\/v2\/pages\/10\/revisions"}],"predecessor-version":[{"id":29,"href":"https:\/\/konkurs.castellogt.pl\/index.php\/wp-json\/wp\/v2\/pages\/10\/revisions\/29"}],"wp:attachment":[{"href":"https:\/\/konkurs.castellogt.pl\/index.php\/wp-json\/wp\/v2\/media?parent=10"}],"curies":[{"name":"wp","href":"https:\/\/api.w.org\/{rel}","templated":true}]}}